erivative of c**3/6 + 6*c**2 + 2*c. What is the units digit of q(-9)?
3
Suppose -2*v + v = -40. Let o = 56 - v. Suppose 2*s - j - 32 = 3*j, 0 = -4*s - 4*j + o. What is the units digit of s?
8
Suppose 4*v - 8*w = -3*w + 9, w + 17 = -3*v. Let s = 10 + v. Suppose -8 = -s*f + 2*f. What is the units digit of f?
2
What is the units digit of ((-17)/(-4) - 2)*12?
7
Let h(g) = g + 15. What is the units digit of h(-6)?
9
Suppose 2*y = 2*b - 286, -4*b - 3*y = -328 - 230. What is the hundreds digit of b?
1
Let d be (0 + 1)*-1 - -9. Let k = -106 - -109. Suppose k*o - d = 4. What is the units digit of o?
4
Let r be (27 - 0)/(2/4). Let i = r - 24. What is the units digit of 15*1*12/i?
6
Suppose -5*q + o + 79 = 0, -12 = -q - 2*o - 5. Let i be (-221)/(-5) + (-3)/q. Suppose -5*u - b = -52, -i = -8*u + 3*u + 3*b. What is the units digit of u?
0
Let m(q) = -20*q. Let j be m(-1). Suppose 5*w - j = -5. Suppose 2*f - 3 = -k + 5, k = -w*f + 14. What is the units digit of f?
6
Let s(x) = 11*x**3 + x + 1. Let q be s(-1). Let r be 2/2 - (-16 - -1). Let d = q + r. What is the units digit of d?
5
Let z(q) = q**3 - 7*q**2 + 6*q - 2. What is the tens digit of z(7)?
4
Let i be (-5)/(10/16) + 1. Let m = 2 - i. Let a = 21 - m. What is the tens digit of a?
1
Let c(f) = f**3 - 4*f**2 - 15*f - 17. What is the units digit of c(7)?
5
Let l = 134 - 65. What is the units digit of l?
9
Suppose 6*b = 190 + 50. What is the tens digit of b?
4
Let y(i) = -13*i + 23. What is the tens digit of y(-4)?
7
Let d = 19 + -13. Suppose r - d = -2. What is the tens digit of (r/(-12))/((-2)/66)?
1
Let c(u) = 8*u - 23. What is the tens digit of c(19)?
2
Let h = 43 - 31. Suppose -d = -3*d + h. What is the units digit of d?
6
Let c(w) = -w**2 - 7*w - 1. Suppose 30 = -g + 6*g. Let v be 2/(10/g + -2). What is the units digit of c(v)?
5
Let r = -2 - -32. What is the tens digit of r?
3
Let t(n) = -6 + 0 - n + 7. What is the units digit of t(-14)?
5
Let b(k) = k**3 + 2*k**2 + 2*k + 1. Let p be b(-1). Let j(v) = -v + 7. Let a be j(6). What is the units digit of a*(7 - 2) + p?
5
Let r(i) = -i + 3. Let a be r(5). What is the units digit of 2/4 - 15/a?
8
Let i be (-68)/6 + (-3)/(-9). Let l(d) = -2*d + 0 - 8 - 3. What is the units digit of l(i)?
1
What is the hundreds digit of (-658)/(-6) + 17/51?
1
Suppose -20 = -2*f + 60. What is the tens digit of f?
4
Let g(b) = -b + 2. Let u be g(6). Let s be 5 - ((0 - u) + -2). Suppose 5*x - 38 = x + 3*z, -s*z + 61 = 5*x. What is the units digit of x?
1
Suppose -2*s - 28 = 2*s. Let d(t) = 3*t - 5. Let p(i) = -5*i + 11. Let g(l) = 7*d(l) + 4*p(l). What is the units digit of g(s)?
2
Suppose -3*p + 4*s - 5*s = 36, 2*p - 5*s + 41 = 0. Let d = -8 - p. Suppose -d*g + 4*x = -97, 3*g - 4*x + 20 - 75 = 0. What is the units digit of g?
1
Suppose -w - 492 = -5*j + j, 2*w = 8. What is the tens digit of (1/(-1))/((-4)/j)?
3
Suppose -2*g - c + 2*c + 384 = 0, -2*g - 4*c = -384. Suppose 6 = -3*d + g. Suppose 5*o + d = 2*s - 3, 0 = -s + 5*o + 45. What is the units digit of s?
0
What is the units digit of -1 - 0 - 2*10/(-4)?
4
Suppose 4 = j - 5*u - 41, -u - 33 = -j. What is the units digit of j?
0
Let l = -4 - -2. What is the units digit of 26*((-1)/l)/1?
3
Suppose 0 = 5*x - 0*n + 2*n - 1519, 1505 = 5*x - 5*n. What is the hundreds digit of x?
3
Let n = 25 + -10. What is the tens digit of n?
1
Let g = 558 + -360. What is the tens digit of g?
9
Let l(j) = -j**3 + 5*j**2 + 4*j - 7. What is the tens digit of l(5)?
1
Let n(t) be the first derivative of -t**2/2 + 3*t + 3. Let q(v) = v**2 - 10*v + 11. Let a be q(8). What is the units digit of n(a)?
8
Suppose -1257 = -9*b - 519. What is the tens digit of b?
8
Suppose -l + 6*l - 55 = 0. What is the units digit of l?
1
Let o(l) = l**3 - 8*l**2 + 7*l + 3. Let j = 18 + -11. Let u be o(j). Suppose 4*v - 4*k = 16, -4*v + 24 = k + u*k. What is the units digit of v?
5
Let c = 1 + 2. Let g(q) = 4*q**2 - 5*q. Let k(z) = 21*z**2 - 26*z + 1. Let y(d) = 11*g(d) - 2*k(d). What is the units digit of y(c)?
7
Let p(w) be the second derivative of w**3/3 - 5*w**2/2 + w. What is the units digit of p(5)?
5
What is the tens digit of (-954)/(-38) + 6/(-57)?
2
Suppose 4*v = 3*v - 12. Let k = v + 50. What is the units digit of k?
8
Let a(h) = 101*h**2 + 5*h - 7. Let n(p) = -50*p**2 - 2*p + 3. Let o(k) = -2*a(k) - 5*n(k). What is the tens digit of o(-1)?
4
Let u(b) = -b**3 - 7*b**2 - 9*b + 7. What is the units digit of u(-5)?
2
Suppose 0 = -0*u - u + 30. Suppose 0 = 2*v - u + 6. What is the units digit of v?
2
Let w(h) = 2*h**2 - h**2 - 2*h - 2 + 2*h**2 + 0. What is the units digit of w(-2)?
4
Let f(z) be the first derivative of z**3/2 - z**2 + z + 1. Let w(a) be the first derivative of f(a). What is the units digit of w(3)?
7
Let w(d) = -2*d + 1. Let j be w(3). Let f = 2 - j. What is the units digit of f?
7
Suppose 5 + 23 = 4*f. Suppose 0*q - 4*q = -5*l - 37, 5*q - 5*l = 40. Let k = f + q. What is the tens digit of k?
1
Let k be ((-3)/(-3))/((-1)/(-3)). Suppose 2*b + k*b = -30. What is the tens digit of -1*1*(-5 + b)?
1
Suppose 5*w + 2 = 17. Suppose 28 = w*y - 47. What is the units digit of y?
5
Let q(l) = l**3 - 2*l**2 + 7*l + 7. Let r(a) = a**3 - a**2 + 6*a + 6. Let o(i) = 3*q(i) - 4*r(i). What is the tens digit of o(-3)?
1
Let i = -133 - -197. What is the units digit of i?
4
Let m(c) = -3 - 12*c + 6 - 10 + c**2. What is the tens digit of m(15)?
3
Suppose 5*b - 9 + 34 = 0. Let p = -1 - b. Suppose -4*n + 32 = p. What is the units digit of n?
7
Suppose -3*b + 4*b = 5. Let i = 3 + b. What is the units digit of i?
8
Suppose 4*m + 28 = -0*r + 4*r, -2 = -2*r + 5*m. What is the tens digit of r?
1
What is the units digit of 3588/84 - 2*2/(-14)?
3
What is the units digit of (-7)/((-21)/2)*174?
6
Let i(v) = v**3 - 7*v**2 - 9*v + 11. Let h be i(8). Let o be (h/3)/(2/20). Suppose f - 5*z = 3 + 28, 2*f = -3*z + o. What is the tens digit of f?
1
Let u(k) = k - 2. Let v be u(4). Suppose -5*a + 3*w = -35, v*w = a + 7*w + 21. Suppose 0 = -a*o - 3 + 23. What is the units digit of o?
5
Suppose -2*c - 3*c = -515. Suppose -5*v + c + 57 = 0. What is the tens digit of v?
3
Suppose 0 = -2*m - 1 + 7. Suppose -m*z = n + 12, -4*n - 20 = 5*z - 7*n. Let u = 13 + z. What is the units digit of u?
9
Suppose -4*y + 16 = -0. Suppose 0*j + 26 = y*j + 2*p, -4*p - 47 = -3*j. Let h = 13 - j. What is the units digit of h?
4
Let u = -5 - -9. Suppose -4*n + 104 = -4*r, -46 = 2*n - u*n + 5*r. What is the units digit of n?
8
Let m(j) = j**2 - 4. Let z be m(3). Let o = 9 - z. What is the units digit of o?
4
Let o be (-10)/4*(6 + -4). Let k = o + 8. Suppose 7 = d - k. What is the units digit of d?
0
Let p(y) = y**2 + 10*y + 12. Let c be p(-9). What is the units digit of (0/2)/c + 2?
2
Let t be (30/(-25))/((-4)/10). Suppose t*o = -4*b + 2, -2 = -o + b + 1. What is the units digit of o?
2
Suppose 10*o + 24 = 4*o. Let v(q) = -2*q**3 - 4*q**2 + q - 2. What is the units digit of v(o)?
8
Suppose -h + 4*f = h + 10, 3*h = -3*f + 21. Suppose -q + h*i = -25, 5*q = 3*q - 4*i + 50. What is the units digit of q?
5
What is the hundreds digit of (90/(-4))/((65/(-30))/13)?
1
Let v(h) = 2*h**3 - 9*h**2 - 10*h + 18. What is the tens digit of v(7)?
9
Let k = -99 - -46. What is the units digit of k/(-5) + 2/5?
1
Let x be (-8)/6*(-84)/8. Let b = x - 9. Suppose -5*j + 70 = c, -b*j + c + 60 = -0*c. What is the units digit of j?
3
Let q(k) = k**2 + k + 17. Let j(t) = t**3 - t**2. Let r be j(1). What is the units digit of q(r)?
7
Let o be (2 + -3)/((-2)/2). Suppose -k - o = -10. What is the units digit of k?
9
Let n(m) = 38*m**3 - m + 2. Let w(p) = -p**3 - 1. Let b(z) = -n(z) - 2*w(z). Let j be b(1). What is the units digit of (-301)/j - 6/10?
8
Let f = 10 - 0. Suppose 0 = t - 32 + f. What is the tens digit of t?
2
What is the tens digit of (2 + -3)*-1 + 0 + 81?
8
Let z(m) = 3*m**2 - 10*m + 4. Let k be z(4). Suppose -4 = -s + 1. Suppose 3*t - k = -3*r, -s*t - 5*r = -t - 12. What is the units digit of t?
8
Suppose -5*k - 20 = -0*k. Let m = k + 11. What is the units digit of (-204)/(-21) + 2/m?
0
Let n(m) = -m + 44. Let b be n(0). Let k = b - 23. Let l = -8 + k. What is the units digit of l?
3
Let f = -7 - -9. Let z be ((-1)/f)/((-6)/24). Suppose 12 = -3*m, z*v - 4*m - 1 = 31. What is the units digit of v?
8
Let n = -20 + 50. What is the 